*r + 4*h + 16 - 2 = 0, r + h - 4 = 0. Suppose -2*l + 6 = -r*l. Let a(o) = -6*o**3 - 3*o**2 - o + 1. What is the tens digit of a(l)?
3
What is the tens digit of (442/17)/((-2)/(-90))?
7
Let d(l) = -l**3 - 11*l**2 + 2. Let p be d(-11). Suppose 144 = p*s - 116. What is the hundreds digit of s?
1
Suppose o = 2*a - 2, -2*o + 3*a = 3*o - 11. Suppose -4 = 5*k - o*y + 1, -3*y = -5*k. Suppose -35 = -k*m + 43. What is the units digit of m?
6
Let u(b) = -3*b + 8. Let d be 4*((2 - -3) + -4). Let i be u(d). What is the units digit of (2/i)/((-3)/432)?
2
Suppose -8*d - 6 = -11*d. Suppose -d*o = -p - 104, 5*p = -2*o + 47 + 57. What is the units digit of o?
2
Let z be (-1 + -1)*(5 - 1). Let f = z + 22. Suppose 4*q - f - 78 = 0. What is the tens digit of q?
2
Suppose -4*b - 40 + 64 = 0. Suppose 14*g = b*g + 272. What is the tens digit of g?
3
Let p = 95 + 771. What is the units digit of p?
6
Suppose -657 = 17*q - 14*q. Let r = -395 - q. What is the tens digit of (r/(-64))/(1/20)?
5
Suppose -4752 = -4*l - 8*l. What is the hundreds digit of l?
3
Let s = 110 - -713. What is the tens digit of s?
2
Let d(m) = 191*m - 165. What is the thousands digit of d(28)?
5
Let c(m) = -22*m - 18 + 7 - 11 + 82*m. What is the hundreds digit of c(5)?
2
Let b(u) = 15*u**3 - 6*u**2 - 5*u - 3. Let h(m) = -m**3 + m**2 + m + 1. Let t(w) = b(w) + 4*h(w). What is the units digit of t(2)?
9
Let c = 324 - 262. What is the tens digit of c?
6
Suppose -79 = -5*u + 141. Let x be ((-98)/(-28))/(2/u). Suppose 2*a = 13 + x. What is the units digit of a?
5
Let q = -2 + 32. Suppose -l = 5*b + 1 + 1, -5*l - 5*b = -q. Suppose 2*g - l = 0, -3*z + 5*g = -8*z + 65. What is the units digit of z?
9
Suppose 2*q + 1 - 5 = 0. Suppose p - q*p = -2. Suppose 5*j - 3*j = p. What is the units digit of j?
1
Let y(v) = -2 + 0 - 10*v - 4. Let k(d) = 7*d - 80. Let m be k(11). What is the units digit of y(m)?
4
What is the units digit of 2 - (-25496)/9 - (-4)/36?
5
Suppose 6*v = v. Suppose v = 6*r - r. Suppose 3*g + 2*g - 125 = r. What is the tens digit of g?
2
Suppose w = 4*x - w - 30, 2*x = -w + 25. Let d(q) = 3*q + 5. Let u(a) = 2*a + 5. Let y(r) = 4*d(r) - 5*u(r). What is the units digit of y(x)?
5
Let j(r) = r**2 + r - 11. Let z be j(5). Suppose 7 - z = -4*t. What is the units digit of t?
3
Suppose -27 = c - 9. Let x be -4 - (0 + 5) - -2. Let j = x - c. What is the units digit of j?
1
What is the units digit of (-1200 + 48)*1/(-2)?
6
Suppose 5*z - 4*b = 88, 5*b - b + 68 = 4*z. Suppose m - z - 170 = -f, 5*f - 980 = m. What is the units digit of f?
5
Let y be 36/21 + (-3)/((-42)/4). Let j = y - -49. What is the units digit of j?
1
Suppose 3*f + 0*f - 5502 = 4*z, -f + 1839 = -3*z. What is the thousands digit of f?
1
Let w = -10 - -10. Suppose -575 = -5*o - w*o. Suppose o = a + 4*a. What is the tens digit of a?
2
Let b(i) = 54*i - 6. Let z be b(2). What is the hundreds digit of 9/((-195)/z - -2)?
1
Let u = 34 - 28. Let o = u + 15. What is the units digit of o?
1
Let p = 269 + -162. What is the tens digit of p?
0
Let u(a) = -a**3 + 11*a**2 - 6*a + 11. Suppose 11 - 33 = -g. Suppose 5*z - g = 4*o + 8, 35 = z + 5*o. What is the tens digit of u(z)?
5
Let y = 1150 - 754. What is the tens digit of y?
9
Suppose 3*l = -4*c + 28, -1 - 15 = -c - 3*l. Suppose 381 + 186 = 3*w + 3*p, c*w - 4*p - 724 = 0. What is the tens digit of w?
8
Let n be 167/11 - (-14)/(-77). Suppose -260 = -19*l + n*l. What is the units digit of l?
5
What is the tens digit of 232/10 + ((-138)/15 - -9)?
2
Let t be 87/4 + (-5)/(-20). What is the units digit of 9 + t - (-4)/2?
3
Let t(g) = g**3 - 2*g. Let s be t(2). What is the units digit of (-83 - -1)*s/(-8)?
1
Let d = 18 - 167. Let r = d - -280. What is the tens digit of r?
3
Let k(a) = 56*a + 59. Let b(p) = -28*p - 29. Let s(m) = -5*b(m) - 2*k(m). What is the tens digit of s(10)?
0
Suppose -4*k = -4*q - 5436, 5*k - 4*q - 10289 = -3498. What is the tens digit of k?
5
Let u(w) = -5*w + 42. Let a be u(9). Let m(h) = -23*h - 4. What is the units digit of m(a)?
5
Let p(w) = 29*w + 272. What is the thousands digit of p(37)?
1
Suppose 0 = 5*l + 3*q - 32, -2 = -5*q + 18. Suppose -2*w - 5*d = -d + 26, -2*d - l = -2*w. Let s(i) = -22*i - 5. What is the tens digit of s(w)?
6
Let k be (-12)/5*((-900)/(-8))/(-5). What is the units digit of (k/(-15))/(2/(-35))?
3
Suppose 0 = m + 2*m. Suppose -u - 2 = m, 4*u = 2*z - 196 - 62. Suppose -3*k + 22 = -3*w + 133, z = 3*w + 4*k. What is the tens digit of w?
3
What is the units digit of 20179/8 - 90/240?
2
Suppose -b - 4 = 4*x, 15 = 3*b + 2*x - 3. Let l be (54/b)/((-6)/(-16)). Let i = l - -12. What is the units digit of i?
0
Let z(v) = -18*v + 14. Let g(b) = -18*b + 13. Let h(o) = 3*g(o) - 2*z(o). What is the tens digit of h(-7)?
3
What is the hundreds digit of ((-4528)/(-64))/((-3)/(-72))?
6
Let m(q) = q**2 - 10*q + 3. Let r be m(10). Suppose -2*o + 165 = r*o. What is the tens digit of o?
3
What is the tens digit of (-166)/3*(-22)/(-16)*-12?
1
Let x = 92 + -83. Suppose -x*v - 196 = -10*v. What is the hundreds digit of v?
1
Suppose -2*q - 5*f + 370 = 0, -2*f + 550 = 3*q + 3*f. Suppose 5*i = d + q, -81 = -5*i - d + 109. What is the units digit of i?
7
Let c = 0 + -4. Let x = -2 - c. What is the units digit of x?
2
Suppose 18*v - 5761 = 88073. What is the hundreds digit of v?
2
Suppose a = 222 - 79. What is the tens digit of 2/(-4)*(5 - a)?
6
Let v(q) = -731*q + 95. What is the hundreds digit of v(-2)?
5
Suppose 4*b + o = -14, 4*b = -7*o + 8*o - 18. What is the hundreds digit of (262/b)/((-2)/4)?
1
What is the hundreds digit of (-4)/(-3) + -2 + (-5064)/(-9)?
5
Let g be (-2)/(-6) - 24/(-9). Suppose -5*j + 227 = -g*o - o, o = -3. What is the tens digit of j?
4
Suppose -3*q - 5*r = -1686, -5*q - 3*r = r - 2823. What is the hundreds digit of q?
5
Let a = 421 + -140. What is the units digit of a?
1
Let k(q) = 18*q + 52. Let z(r) = -2. Let t(a) = -k(a) + 6*z(a). What is the tens digit of t(-8)?
8
Let s(w) = 12*w**2 + 2*w - 5. Let l be s(4). Let a = 286 - l. What is the tens digit of a?
9
Let v be (1 + -1)/(-6 + 4). Suppose 6*w - 2*w - 92 = v. Suppose 138 = 5*g + w. What is the tens digit of g?
2
Let m(t) = 6*t**3 + 4*t**2 - 2*t - 36. What is the thousands digit of m(8)?
3
Suppose 14*w - 8 = 34. Suppose 4*r + 3*z - 217 = 0, 6 - 58 = -r - w*z. What is the units digit of r?
5
Let b(y) = y + 1. Let v(c) = c**2 - 30*c + 8. Let a(s) = -6*b(s) - v(s). What is the units digit of a(16)?
4
Let a = 486 - 245. What is the tens digit of a?
4
What is the tens digit of (-1)/5 - (-3 + (-16768)/40)?
2
Let k be (-1)/(((-7)/6)/(-7)). Let s(w) = w**2 - 2*w - 6. What is the tens digit of s(k)?
4
Let h(m) = -2*m + 7. Let g be h(6). Let l(y) be the third derivative of -y**4/4 + 5*y**3/3 - 6*y**2 + y. What is the tens digit of l(g)?
4
What is the units digit of (-1 - 600/(-16))*3*4?
8
Suppose 3*n = -5*z + 347, 2*n - 121 = n - 3*z. Suppose -8*x - 2*s = -3*x - 128, -4*x = -5*s - n. What is the units digit of x?
6
Suppose -5*k + 84 = 2*h, 0 = -4*h + 8. What is the units digit of (1 + 0)/(k/4064)?
4
Let w be 8*(27/(-4))/(-3). Let z(p) = 2*p**2 + p - 14. Let q be z(3). What is the units digit of (w/q)/((-6)/(-84))?
6
Let g(x) = -x**3 - 21*x**2 - 2*x. Let u be g(-21). Let m = u - 15. What is the units digit of m?
7
Let o be (-2)/15 - (-1722)/90. Suppose 442 = o*b + 43. What is the units digit of b?
1
Suppose 3*m - 18 = -5*c, 2*c - 5 = -0*m + m. Let a(z) = 6*z**2 + 7*z - 3. What is the tens digit of a(c)?
7
Let f be (-3)/18 + (-75)/(-18). Suppose -f*o = v - 106 - 19, 3*v + 5*o = 368. What is the units digit of v?
1
Suppose -9*w + 2*w + 35 = 0. Suppose w*q = 2*k - 0*k - 50, 20 = 5*q. What is the tens digit of k?
3
Suppose 0 = d - 5*d + 44. Suppose 1 = -2*a + d. Suppose 2*p - a*s + 2*s = 2, -10 = -5*s. What is the units digit of p?
4
Suppose 0 = -2*h + 3*h - 28. Suppose -4*i = -4*k + 60 - 4, 2*k - 5*i - h = 0. Suppose -57 = -f - k. What is the tens digit of f?
4
Let j = -574 + 988. What is the tens digit of j?
1
Let b be (-2)/(-2)*9 + -2. Let j = b + -9. What is the units digit of (-3)/(7/j - -2)?
2
Suppose 5*z - 3947 + 507 = 0. Suppose -z = -4*t - 2*n, -5*n - 700 = -4*t - n. Suppose 5*r = -5*k + 16 + 169, k + t = 5*r. What is the units digit of r?
5
Let j(x) = 4*x**2 - x**3 + 1 + 5*x**2 + 3*x**2. Let o be j(12). 